*1/14)?
7
Let m = -15 - -27. Suppose -6*c + 2*c + m = 0. What are the prime factors of 7*1/(c/6)?
2, 7
Let v(p) = 2*p**3 - 4*p**2 + 2*p. What are the prime factors of v(3)?
2, 3
Let z = -6 - -8. Suppose 5*m = z*m - t + 61, 4*t = -3*m + 55. What are the prime factors of m?
3, 7
Suppose -3*d + 109 = -d - 3*w, -5*d + 2*w + 289 = 0. What are the prime factors of d?
59
Suppose -2*b + 4*b - 38 = 0. Let n = b + -4. List the prime factors of n.
3, 5
Let v be 2/6*6/2. Let g(j) = 23*j**3 - j. What are the prime factors of g(v)?
2, 11
Let n(d) be the first derivative of -d**3/3 - 2*d**2 + 4*d - 3. Let w be n(-3). Let k(u) = u**2 - 6*u - 2. List the prime factors of k(w).
5
Let l(u) = 2*u**2 + 11*u - 2. Let p(w) = 3*w**2 + 12*w - 3. Let q(r) = -4*l(r) + 3*p(r). What are the prime factors of q(10)?
19
Let m be 54/15 + (-4)/(-10). Suppose 4*a + m*v = 36, -5*a = -4*v - 46 - 26. What are the prime factors of a?
2, 3
Let s(b) = b**2 - b + 2. Let f be s(-4). Suppose 0 = x - f - 20. What are the prime factors of x?
2, 3, 7
Let p(o) = -o**2 - o + 5. Let t be p(0). Suppose 0*i + 3 = i, -4*x + t*i = 799. What are the prime factors of x/(-10) + 2/5?
2, 5
Let y(f) = 2*f**2 - 12*f + 19. Let k = -7 + 13. List the prime factors of y(k).
19
Let m(l) = 2*l - 1. Let d be m(2). Suppose -12 - 10 = -2*r. Let y = r - d. What are the prime factors of y?
2
Suppose w - 3 - 19 = 0. List the prime factors of w.
2, 11
Let o(k) be the first derivative of 2*k**2 - k + 1. Let v = 3 - 1. What are the prime factors of o(v)?
7
Let z(k) be the first derivative of k**3/3 - k + 5. What are the prime factors of z(6)?
5, 7
Let y be (0/1)/(1 + 0). Suppose 50 = 5*d - y*d. Suppose 0 = -3*i + 4*f + 3 + 28, 2*i + d = -5*f. List the prime factors of i.
5
Suppose 2*k - 5*f + 11 = 0, -2*k + 0*f + 16 = 4*f. Suppose 3 = l - 5*m, -9 = -k*l - m + 19. List the prime factors of l.
13
Let v = 29 + -7. What are the prime factors of v?
2, 11
What are the prime factors of (-118)/(-2)*(19 + -17)?
2, 59
Let m(t) = t**2 - 4*t - 16. Let n be m(7). Suppose n = -4*a + 121. What are the prime factors of a?
29
Suppose 0 = -w - 2*n + 13, n + n = 3*w + 1. Suppose 2*c - 55 = -w*g, -3*g + 47 = -0*c - 2*c. What are the prime factors of g?
17
Let u(w) = 1 - 2*w - 5*w + 2*w. Suppose -6*y - 39 = 7*y. List the prime factors of u(y).
2
Suppose o - 3*v - 3 = -2*v, 0 = 4*o + 5*v - 3. Suppose -h - 19 = -o*h. What are the prime factors of 9/6 + h/2?
11
Let x = -2 + 232. List the prime factors of x.
2, 5, 23
Let z(v) = v**2 + 13*v - 44. What are the prime factors of z(-17)?
2, 3
Suppose -3*h = -2*h. Suppose h = -3*w + 7 + 8. List the prime factors of w.
5
Suppose 0 = -n + 9 - 31. Let g = 7 - n. List the prime factors of g.
29
Let f be -8*2/(-1*2). Let m(l) = -2*l + 1 - 2*l + 5*l - 2. What are the prime factors of m(f)?
7
Let o(f) = -3 - 2*f + 3. Let h be o(-2). Suppose 6*g = 4*g + h. What are the prime factors of g?
2
Suppose -6*l = -270 - 96. What are the prime factors of l?
61
List the prime factors of (-164 - 1)*12/(-30).
2, 3, 11
Suppose 1 = -2*u + 9. Suppose 0 = -w - 5*n - 8, -u*w + 4*n + 64 = -0*w. What are the prime factors of w?
2, 3
Let w(j) = -9*j - 4. Let c be w(-3). Suppose -4*d + c = -41. What are the prime factors of d?
2
Let w = 48 - 17. Suppose j - 74 = -2*k, -w = -0*k - k - 2*j. List the prime factors of k.
3, 13
Let h(r) = -r**2 + 4*r + 1. Let i be 4 + -4 + 1*3. Let t be h(i). Suppose 0 = -c - t*w + 19, -c - w = -0*w - 10. What are the prime factors of c?
7
Let v = 104 - 70. List the prime factors of v.
2, 17
Let y be (-2)/12 - (-380)/(-24). Let j = y - -27. List the prime factors of j.
11
Suppose 0 = n - 1 + 2, -v + 281 = 4*n. List the prime factors of v.
3, 5, 19
Let g(x) = 6*x - 2. Let q be g(2). Let v be (q/(-4))/(3/(-6)). Suppose 50 = v*n + 4*a, -n = 4*a - 29 + 3. List the prime factors of n.
2, 3
Let i(l) = 2*l**2 + 0*l**2 - 2 + 3. Let j be i(1). Suppose 5*u - j*g = g + 66, 2*g - 12 = -2*u. What are the prime factors of u?
2, 5
Let p be 2 + ((-4)/(-4) - -2). Suppose b + 2*x - 13 = 0, p*b + 2*x - 9 = 6*x. List the prime factors of b.
5
Let m(z) = z**2 - 4*z + 5. Let b be m(4). Suppose -b - 21 = -2*o. What are the prime factors of o?
13
Suppose 7 = -3*m + 34. Let j = m + -5. List the prime factors of j.
2
Let i(p) = 88*p**2 + p - 6. List the prime factors of i(2).
2, 3, 29
Suppose 4*g + 0*g = -152. Let k(r) = r**3 + 2*r**2 + 5*r + 3. Let h be k(-3). Let l = h - g. What are the prime factors of l?
17
Let w = 18 + -8. Suppose -4*a = -0*a - 8. Suppose o = a*o - w. What are the prime factors of o?
2, 5
Suppose 4*m + 58 = -3*b, b = -2*m + 3*b - 22. Let a = m + 24. What are the prime factors of a?
11
Suppose 8*q - 824 = -0*q. What are the prime factors of q?
103
Let m be 0 - -1 - 8 - 2. Let l be (-2)/9 + (-29)/m. Suppose -5*j + 13 = -l*d, 0*j - 5*j + 6 = 4*d. List the prime factors of j.
2
Let k = -51 + 88. What are the prime factors of k?
37
Let c be 1*3/(6/8). Let t(r) = -r**2 + 5*r + 5. Let h(z) = z**2 - 5*z - 5. Let i(q) = -4*h(q) - 3*t(q). What are the prime factors of i(c)?
3
Let z(j) = -j**3 - 20*j**2 - 21*j + 1. What are the prime factors of z(-19)?
3, 13
Let w(l) = 3*l**2 + l - 1. What are the prime factors of w(-4)?
43
Suppose 4*s = -5*q - 29, 6*q + 2*s = q - 27. Let j = 8 + q. What are the prime factors of j?
3
Let j(u) = u**3 - 7*u**2 + 6*u + 2. Let f be j(6). Suppose 4*x + 8 = 0, 2*x - 52 = -5*p - f*x. List the prime factors of p.
2, 3
Let i be 0 - 0*1/3. Suppose 2*f - 2 = -i. List the prime factors of f*6 + -3 + 1.
2
What are the prime factors of (-1 - 3)*(-30 + 6)?
2, 3
Let a(q) = q**3 + q**2 - q. Let d(g) = -5*g**3 - 10*g**2 + 5*g + 2. Let j(k) = -6*a(k) - d(k). What are the prime factors of j(4)?
2
Suppose -l - 3 = -12. Suppose -5*d = -1 - l. What are the prime factors of d?
2
Let b(p) = -p**3 + 5*p**2 - 3*p - 1. Let d(t) = t + 2. Let x be d(2). Let r be b(x). Suppose -4 = -r*c + 11. What are the prime factors of c?
5
Let h be 13*(1 + -2 + 2). Let k(n) be the first derivative of n**4/4 - 4*n**3 - 13*n**2/2 + 17*n - 4. What are the prime factors of k(h)?
17
Let k(b) = b**2 - 10*b - 8. Let u be 11 + 3 + (-9)/3. List the prime factors of k(u).
3
Let n(z) = z - 1. Let x be n(2). Let w(y) = 3*y + y + x - y - 4*y. List the prime factors of w(-3).
2
Suppose d - 3*d + 94 = 0. What are the prime factors of d?
47
List the prime factors of 4/(-4 - (-123)/30).
2, 5
Let c = 10 + 8. What are the prime factors of c?
2, 3
Suppose 4*g - 6*g = 30. Let n be (6/g)/(2/(-10)). Suppose n*l + 6 = 5*x, 2*x = -1 + 5. What are the prime factors of l?
2
Suppose -2*c = -3*n - 22, -23 - 7 = -4*c - n. Let y(z) be the first derivative of -z**2/2 + 19*z + 5. What are the prime factors of y(c)?
11
Let g(i) = -i**3 - 3*i**2 + 4*i + 6. Let b = -4 - -4. Suppose b = 4*v - v + 12. List the prime factors of g(v).
2, 3
Let p(g) = 2*g + 4*g + 7 - 4*g. Let a be p(-6). Let o = 13 + a. List the prime factors of o.
2
Let z(k) = 2*k**2 - k - 1. Let q(x) = x**3 + x**2 + 2*x + 4. Let m be q(-3). Let d be (6/(-5))/(8/m). List the prime factors of z(d).
2, 7
Suppose 4*b + 601 + 149 = 2*t, 3*t + 5*b = 1169. What are the prime factors of t?
383
Suppose 27 - 5 = 2*f. Suppose -1 + f = 2*n. Suppose p = 3, 3*b - 28 = n*p - 7. List the prime factors of b.
2, 3
Suppose -3*p = -3*t + 540, p = -t - 4*p + 186. Let k be (-4)/12 - t/(-3). Suppose 2*y - 7*y + k = 0. List the prime factors of y.
2, 3
Let d = 9 - -4. Suppose 0 = -2*m + 5*n - 10, -n + d = m + n. What are the prime factors of m?
5
Let l(t) = 172*t**2 + 1. What are the prime factors of l(-1)?
173
Suppose 3*n + 12 = -24. Let y be n/(-3)*(-1)/(-2). Suppose 0 = l + 2*z + y - 9, -4*l + 3*z + 50 = 0. List the prime factors of l.
11
Let r = -48 - -22. Let d = 39 + r. Suppose -83 = -5*i + h, -i + 0*h + d = h. List the prime factors of i.
2
Suppose 0*o - 108 = -2*o. What are the prime factors of o?
2, 3
Let p(q) = 10*q + 1. List the prime factors of p(7).
71
Let t = -4 + 9. Suppose -24 = -t*p + 41. What are the prime factors of p?
13
Suppose -4*i - 4*u - 54 + 166 = 0, -4*u - 63 = -3*i. List the prime factors of i.
5
Let t(h) = h**3 - 5*h**2 + 3*h - 9. List the prime factors of t(5).
2, 3
Suppose 0 = 3*g - 21 + 6. Suppose 0 = 2*b - 10, -5*w + 40 + 40 = 5*b. Suppose 22 = 3*t + g*o, t - 1 = 3*o + w. What are 